f 125 and x.
25
Let d be (6/15)/(1/20). Calculate the greatest common factor of 64 and d.
8
Let r be (45984/60)/(4/10). Suppose 1789 = 15*x - r. Calculate the highest common divisor of 19 and x.
19
Let m(w) = 2*w - 1. Let q be m(-6). Let b = 15 - q. What is the highest common divisor of b and 14?
14
Let n(v) = v**2 - v - 2. Let j be n(-5). Let u = j - 26. Calculate the highest common divisor of 6 and u.
2
Let v = -552 + 664. Let g(u) = 3*u + 1. Let r be g(5). Calculate the greatest common factor of v and r.
16
Suppose 48 = h + 16. Suppose y - 8*y = -56. What is the highest common factor of y and h?
8
Let t(p) = -3*p**2 + 16*p - 8. Let j be t(6). Let k be (4 - j) + (-4)/(-2). Calculate the highest common factor of 13 and k.
13
Let f(t) = 4*t + 26. Let b(z) = -2*z**3 - 13*z**2 + 11*z + 22. Let q be b(-7). Let r be f(q). Calculate the highest common factor of r and 1.
1
Let j be (-3)/10 - (-415)/50. What is the highest common factor of j and 2?
2
Let h(l) = l**3 - 2*l**2 + 15. Let g be h(0). Calculate the highest common divisor of g and 6.
3
Suppose -28 = -10*f + 622. What is the greatest common divisor of f and 35?
5
Suppose 4*i + x = 88, 5*i + 4*x - 58 = 3*i. Suppose -v - i = -4*v. Suppose 3*f = v + 8. Calculate the highest common factor of 1 and f.
1
Let d(v) = v**3 + 37*v**2 - 3*v - 109. Let k be d(-37). Calculate the highest common factor of 2 and k.
2
Let d = 1380 + -1350. Calculate the greatest common factor of d and 350.
10
Suppose 4*q - 7*q - 33 = -3*x, -3*x - 47 = 2*q. Let d = q + 26. Calculate the highest common divisor of 4 and d.
2
Let f = 38 + 14. Calculate the highest common divisor of f and 65.
13
Let z be (-105)/(-2 - -5) + 0. Let r = -25 - z. Calculate the highest common factor of r and 15.
5
Let q = 95 - 14. Suppose -3*i + q + 45 = 0. Calculate the highest common factor of 28 and i.
14
Suppose 0 = 3*q + 3*h - 2*h - 713, -q + 3*h = -231. Suppose c + 61 = q. Suppose -3*m = -7*m + 88. Calculate the greatest common factor of m and c.
22
Suppose 0 = 13*g - 3251 + 833. What is the greatest common factor of g and 31?
31
Let j be (-1)/((-2)/30) + -3 + -5. What is the highest common factor of 252 and j?
7
Suppose -165 = -7*s + 353. What is the highest common divisor of 2 and s?
2
Let c(i) be the first derivative of i**3/3 - 15*i**2/2 + 5*i - 12. Let y be c(16). What is the highest common factor of 42 and y?
21
Suppose -3*h + 33 = -2*x, -2*h + 57 = 2*x - 5*x. Let z be 185/((x/12)/7). Let o be z/(-10) - 6/(-2). What is the greatest common divisor of 7 and o?
7
Suppose 3*v - 4*k = 7*v - 20, 5*k = -3*v + 23. Calculate the greatest common factor of v and 9.
1
Let v = -37 - -101. What is the highest common divisor of 2 and v?
2
Let g = 314 - 210. Suppose -36 = -105*u + g*u. Calculate the greatest common factor of 24 and u.
12
Let t be -1 + 1 - (9 - -491). Let s be t/(-5 - (-2 + -1)). Calculate the highest common factor of 50 and s.
50
Let y be (1*(0 + 1)*0)/3. Suppose 3*u - 8 - 73 = y. What is the highest common factor of 6 and u?
3
Let x be (0 + 0 - 3)/(17/(-3553)). What is the greatest common divisor of 33 and x?
33
Suppose 476 = 16*m + 140. What is the highest common divisor of 336 and m?
21
Suppose -y - q = -6, -2*q + 2 = -8. Let d be 9*y*(-2 - -27). Suppose -2*k + 33 = -17. Calculate the greatest common divisor of d and k.
25
Let f be (112/(-12))/((-12)/36). What is the highest common factor of 518 and f?
14
Suppose 8*v + 1147 = 7539. Calculate the highest common factor of v and 51.
17
Let w(x) = x**2 - 22*x + 4. Let o be w(22). Suppose -s + 1 + 4 = n, 0 = -o*n + 2*s + 8. What is the highest common factor of n and 1?
1
Let n(z) = -z**2 + 25*z + 125. Let d be n(23). Calculate the greatest common divisor of 19 and d.
19
Suppose -103 = -3*p - 25. Suppose 0 = -f + 142 + 92. What is the highest common factor of p and f?
26
Let k be ((-36)/(-5))/(15/(-50)). Let b = k - -36. What is the greatest common divisor of b and 96?
12
Let c(n) = n**3 - 2*n**2 + n + 2. Suppose 2*g - 6 = 3*b, -g - 2*b = g - 6. Let m be c(g). Let j = m - 5. What is the highest common divisor of j and 9?
9
Suppose -6*m + 42 = -18. Let b be 3/((-36)/(-20))*36/m. What is the greatest common factor of b and 66?
6
Let g = -149 + 244. What is the greatest common divisor of 19 and g?
19
Suppose 5*m - w = 117, -4*m + 5*w + 174 = 93. What is the greatest common factor of m and 300?
12
Suppose 3*p + 1534 - 247 = 0. Let z = 633 + p. Suppose 357 = 3*v - z. Calculate the highest common factor of v and 17.
17
Suppose -6*r - 6*r = 420. Let d = 38 + r. Suppose -n = 3*l - 15, l - 47 = -5*n - 0*n. What is the highest common factor of n and d?
3
Suppose 3*c = -2*h + 35, 12 = 5*c + 5*h - 38. Suppose 4*k = 2*l + l - 147, 2*l - 105 = 5*k. Calculate the greatest common divisor of l and c.
15
Let l be (-93)/6*(72/8 - 11). Suppose 3*v - 49 - 157 = 5*f, 4*f + 16 = 0. Calculate the highest common divisor of l and v.
31
Let z be (-685)/(-75) + (-12)/90. Let c(s) = -s - 5. Let i be c(-6). What is the greatest common factor of i and z?
1
Suppose 121*r = 117*r + 56. Calculate the greatest common divisor of r and 854.
14
Let g be (-8 + 840/98)/(1/14). What is the greatest common divisor of 808 and g?
8
Let a = -810 + 822. What is the greatest common divisor of 33 and a?
3
Suppose 0 = 3*y - 6*y + 204. Suppose -m = 3*l - y, l - 76 = -2*l + m. Calculate the greatest common factor of l and 72.
24
Suppose 2*q + 3*q + 407 = 3*o, -3*o - 2*q = -442. Calculate the greatest common factor of o and 504.
72
Let g = 2630 + -2568. What is the greatest common divisor of g and 31?
31
Let v = 412 + -396. What is the highest common divisor of 4 and v?
4
Let i be (-24)/(-5)*(-3 - -8). Suppose -6*u + 70 = -u + 5*w, 4*u + 5*w = 58. Calculate the greatest common factor of u and i.
12
Let o(s) = 61*s**2 - 7*s + 16. Let b be o(3). What is the greatest common factor of b and 34?
34
Suppose 246 - 110 = 8*g. What is the highest common divisor of 833 and g?
17
Suppose 180 = 2*j + 4*c - 328, -5*j - 3*c = -1277. Calculate the greatest common factor of 16 and j.
16
Suppose z - 8 = -w, 0 = -z - 4*w - 7 + 27. What is the greatest common factor of z and 28?
4
Let z = -6 + 30. Let l be 70*(-7 + (-275)/(-35)). Calculate the greatest common divisor of z and l.
12
Let n = 28 - -8. What is the greatest common factor of 36 and n?
36
Let b(x) = 4*x**2 + 16*x + 6. Let n be b(-6). Suppose 0 = y - 6 - n. What is the highest common divisor of 12 and y?
12
Let k(t) = -23 - 6*t + 3*t**3 - 2*t**3 - 4*t**2 + 9 - 3*t**2. Let v be k(8). What is the greatest common divisor of v and 4?
2
Let s = 70 + -72. Let a be s*1/2*-133. What is the greatest common factor of a and 19?
19
Suppose 7*v = 192 - 10. Calculate the highest common factor of v and 403.
13
Suppose -78 = q - 79. Suppose m - n + 0*n = 7, 3*m + 5*n = 5. Suppose -m*z + 3 = -12. Calculate the highest common factor of q and z.
1
Let c(i) = 5*i + 5. Let t be c(-5). Let h = -20 - t. Suppose q - 11 = -3*a, h = a - 2*q + q - 1. What is the greatest common divisor of 15 and a?
3
Suppose 5*g - 2*a = -85, -5*a + 66 = -3*g - 4. Let o be g/20 + 31/4. Let y(s) = -s**2 + 9*s + 5. Let w be y(o). Calculate the highest common factor of w and 57.
19
Let o = -56 + 50. Let j(m) = -4*m - 3. Let q be j(o). Let v(g) = -g**3 + 11*g**2 - 3. Let l be v(5). What is the highest common factor of q and l?
21
Let a(r) be the first derivative of -5*r**2/2 - 30*r - 1. Let o be a(-12). Let n be (-15 + o)*(-2)/(-3). What is the highest common divisor of 110 and n?
10
Suppose 5*z = 3*z + 10, 82 = 4*d - 2*z. What is the greatest common factor of 713 and d?
23
Suppose 64*h - 62*h = 78. What is the greatest common divisor of 91 and h?
13
Let o be (-39)/(-6*7/392). What is the greatest common divisor of o and 28?
28
Suppose 4*f = d + 186, -2*f + 2*d + 40 = -56. What is the highest common divisor of f and 2?
2
Let n be (8/(-5))/(4/10). Let f be 0 - (3 + (n - 0)) - -187. Calculate the greatest common divisor of f and 47.
47
Let z = -682 + 688. Calculate the highest common divisor of 14 and z.
2
Suppose 57*j = -18*j + 2850. What is the greatest common divisor of j and 1007?
19
Let v be (-163)/(-1) + 4 + -2. Let q(p) be the third derivative of p**4/8 - 11*p**2. Let u be q(5). Calculate the greatest common factor of v and u.
15
Let a(t) 